actor of n and 2.
2
Let l(i) = -i**3 + 8*i**2 + i + 2. Let k be l(8). Let u(h) = h**3 - 10*h**2 + 2. Let w be u(k). What is the greatest common factor of w and 22?
2
Suppose 0 = -2*x + 6, 5*x - 7 = 4*v - 0. Suppose 18 = 4*z + v*z. What is the greatest common divisor of 12 and z?
3
Let j(g) = 5*g - 70. Let w be j(18). Calculate the highest common factor of w and 220.
20
Let d(a) = 99*a**2 + a. Let o be d(-1). Suppose -100*j = -o*j - 72. What is the greatest common factor of 252 and j?
36
Suppose -59*m - 49 = -60*m. What is the greatest common factor of m and 14?
7
Let k(d) = 84*d. Let a(v) = 4*v - 3. Let l be a(2). Let f be k(l). Suppose -3*w = 4*h - 388, w = 4*h - 4*w - f. What is the greatest common divisor of h and 25?
25
Let z = -53 + 53. Suppose z = 8*j - 6*j - 40. Calculate the greatest common factor of 20 and j.
20
Let f = -3 - -12. Let o(l) = l**2 + 13*l + 1. Let r be o(-13). Let d = f + r. Calculate the greatest common divisor of d and 70.
10
Suppose -s - 34 = 4*s + b, -5*b - 44 = 4*s. Let u = s + 12. Let r(y) = 2*y**2 + 4*y - 4. Let q be r(5). What is the greatest common divisor of u and q?
6
Let l = 62 - 16. Suppose 5*t - 19 = l. Suppose z - t = 6. Calculate the greatest common factor of 171 and z.
19
Let g = 72 - 43. Suppose -c + g = 3*h, c + 0*c - 30 = -2*h. Calculate the greatest common factor of 8 and c.
8
Let x = -97 + 164. Let k = x - -13. What is the greatest common divisor of 20 and k?
20
Suppose 0*v - 136 = -4*h - 4*v, 5*v - 5 = 0. Let b = h - -45. What is the greatest common divisor of 104 and b?
26
Suppose -5*l = 2*o - 56, 49 + 27 = 4*o + l. Let y = 83 + -29. What is the greatest common factor of o and y?
18
Suppose c - 74 = -10. Let h(k) = -13*k - 73. Let b be h(-6). Suppose b*q + 5*y = 15, 2*q + 0*q - 21 = y. What is the greatest common divisor of c and q?
8
Let s(q) = -243*q**3 + q**2. Let c be s(-1). Suppose -2*o - 4*v = -144, 2*o - v - c = -o. Calculate the highest common divisor of o and 10.
10
Suppose -3012*r - 50 = -3017*r. Calculate the highest common factor of 130 and r.
10
Suppose 3*y = -0*y + 18. Let z be 2/y + (-64)/(-6). Let x be 17 - -57 - (-3 + (1 - 1)). What is the greatest common divisor of x and z?
11
Suppose 38*x + 39*x - 10780 = 0. Calculate the greatest common factor of 400 and x.
20
Suppose 0 = 28*d - 275 + 23. Calculate the greatest common divisor of d and 279.
9
Let u(v) be the third derivative of 181*v**4/24 + 4*v**3/3 + 23*v**2. Let i be u(1). What is the highest common divisor of 27 and i?
27
Let m = -43 + 46. Suppose 0*a - 72 = -5*l + 4*a, -27 = -3*l - m*a. Let i be 6/15 + (-118)/(-5). Calculate the highest common divisor of i and l.
12
Let x(r) = -r - 5. Let c be x(-9). Let t be 13/(39/180) - c. Calculate the highest common factor of 7 and t.
7
Let u(i) = i + 311. Let b be u(14). Calculate the greatest common divisor of 175 and b.
25
Let y = -450 - -483. Calculate the highest common factor of 3 and y.
3
Suppose -a - 3 = 0, 0 = 4*j - 3*a - 7822 - 2627. What is the greatest common divisor of j and 90?
90
Suppose 2*c - 6 = -2. Let i be (-5 - (-5 + c)) + 8. Calculate the greatest common divisor of 3 and i.
3
Let n = 2284 - 1927. Calculate the greatest common factor of n and 42.
21
Suppose 5*b - 5*b = -15*b + 600. Suppose 75 = 5*k + 3*s, 3*k + 2*s + 15 = 4*k. What is the greatest common factor of k and b?
5
Let z = -277 - -295. Calculate the highest common factor of 18 and z.
18
Suppose 24*y = 1682 + 2014. Suppose -2*m + 3*j + 31 = -0, -5*m - 2*j = -68. Calculate the highest common factor of y and m.
14
Let k = 199 + -129. What is the highest common divisor of 20 and k?
10
Let d(n) = 7*n - 3. Let s be d(1). Suppose -2*a - 3*v = -31, s*a + 2*v + v = 53. Calculate the greatest common factor of a and 55.
11
Suppose -686*d + 112 = -679*d. Calculate the greatest common factor of 88 and d.
8
Let q(g) = -g**2 - 2*g + 1. Let k be q(3). Let x = k - -16. Suppose -20 = -d - x. Calculate the greatest common divisor of d and 54.
18
Let j be 4*(5 + (-26)/4). Let m be j/(-2) + 4 + -5 + 64. What is the greatest common divisor of 22 and m?
22
Let m be (-23 - -403) + 1 + 4. Calculate the greatest common divisor of m and 35.
35
Let n(i) = 2*i**2 - 27*i - 7. Let s be n(14). What is the greatest common factor of s and 133?
7
Let q = -21 + 11. Let f(n) = -4*n. Let t be f(q). Let k be (5/(-2))/((-4)/t). Calculate the highest common factor of k and 175.
25
Suppose 17*g + 154 = 375. What is the greatest common factor of g and 325?
13
Suppose 574 + 1316 = 5*q. Calculate the greatest common divisor of 14 and q.
14
Suppose 7*m - 62 = 5*m. Let o = m + -29. Suppose 143 + 231 = o*j. Calculate the highest common divisor of 17 and j.
17
Suppose -4*q + 46 = -2*d - d, 0 = -2*d - 3*q - 42. Let p = 55 + -23. Let l = d + p. Calculate the greatest common divisor of 35 and l.
7
Let s = -2 - -10. Suppose -s*k + 2*k = -144. Calculate the greatest common factor of k and 16.
8
Suppose -4*a + 1 = 3*u - 2*u, -3*a = 3*u - 12. Suppose 13 - 3 = 5*r. Suppose c - 6 = -d - r*c, -u*c + 40 = 5*d. What is the greatest common factor of d and 1?
1
Let c = 1158 + -1116. What is the highest common divisor of c and 150?
6
Let d = -203 - -298. Suppose j - 11 = 5*y, -9*j - 5*y - d = -4*j. Let t = j - -18. Calculate the greatest common divisor of 16 and t.
4
Let c(z) = 4*z - 8. Suppose 8*g - 5*g - 18 = 0. Let j be c(g). What is the highest common factor of 16 and j?
16
Let i = -38 - -40. Suppose -4*p = i*a - 6*a + 8, 4*a + 20 = -3*p. Let n(r) = 8*r**2 + r + 2. Let o be n(a). What is the highest common divisor of o and 224?
32
Suppose 2*d + i = 195, 0 = -4*d - 3*i + 7*i + 408. Calculate the greatest common factor of d and 55.
11
Let o = 136 - 135. Let i be (-7670)/(-177) - -2*o/3. Calculate the greatest common factor of 110 and i.
22
Let c(l) be the third derivative of l**5/60 - l**4/12 + 7*l**3/6 + l**2. Let g = 169 + -162. Let b be c(g). What is the greatest common divisor of b and 14?
14
Let u(k) = -3*k**3 - 4*k**2 + 2*k + 2. Let d be u(-3). Suppose -d = -12*m + 151. Calculate the greatest common factor of m and 4.
4
Suppose i - 12 = -3*f, 2*i = f + 8 - 5. What is the highest common divisor of i and 5?
1
Let m(s) = s**2 - 6*s + 4. Let a = 25 - 18. Let l be m(a). What is the greatest common divisor of 121 and l?
11
Suppose -119*d - 2*x + 2034 = -114*d, 4*x - 1226 = -3*d. What is the greatest common divisor of d and 42?
14
Suppose -i - 2*y + 67 = 0, -y - 16 = -i + 66. Calculate the greatest common divisor of 91 and i.
7
Let w be 87/4 - 4/(-16). Suppose w = 2*x - 0*x. Calculate the highest common factor of 66 and x.
11
Let o(v) = -23*v**2 - 50*v - 6. Let u be o(-2). What is the highest common factor of u and 29?
1
Let d = -14 - -17. Suppose -5*y = -4*t + t - 147, t + 45 = d*y. Let z = 144 + t. Calculate the greatest common factor of z and 36.
18
Let v(b) = 94*b - 734. Let m be v(8). What is the highest common divisor of m and 24?
6
Suppose -n - z - 12 + 29 = 0, -z = 3*n - 53. Calculate the greatest common factor of 360 and n.
18
Let k = -724 - -754. Calculate the greatest common divisor of 555 and k.
15
Suppose 1082 = 3*t + 5*o - 804, 3 = 3*o. What is the greatest common divisor of 57 and t?
57
Let c(r) = r**3 + 26. Let h be c(0). Let j = h - 16. Calculate the greatest common divisor of 30 and j.
10
Suppose -11*j + 2 = -12*j. Let t(p) = -2*p**3 - 4*p**2 - 4*p - 3. Let a be t(j). Calculate the highest common divisor of a and 35.
5
Suppose -y - 45 = -166. Let f(i) be the second derivative of -i**4/12 + 2*i**3 - 9*i**2/2 - i. Let u be f(10). What is the highest common divisor of u and y?
11
Let u be 8/12 + (-265)/(-3). Suppose 5*y + r = -4*r + 210, 0 = -2*y - r + u. Let g = -36 + y. Calculate the greatest common factor of g and 77.
11
Suppose 0 = 5*g + v - 111 - 73, 2*v - 116 = -3*g. Calculate the highest common factor of 96 and g.
12
Let y be (0 + (-14)/(-21))*3. What is the greatest common factor of 202 and y?
2
Let a(n) = 141*n**2 + 10*n + 1. Let z be a(-1). Calculate the highest common factor of 165 and z.
33
Let n be (-2)/12 - (-2)/12. Suppose -3*d - d + 256 = n. Suppose 10*z - 1296 = -336. Calculate the highest common divisor of z and d.
32
Suppose -5*n = -31 - 74. Let j = n - 16. Suppose -6*b = j*h - 2*b - 448, 4*h - 3*b = 346. Calculate the highest co